 27)*(-2 - -3).
7
Suppose -340 = -5*l - 0. Calculate the remainder when l is divided by 38.
30
Let r(z) = -7*z. Let n be r(-7). Suppose 0*b + b = n. What is the remainder when b is divided by -2*(-2)/(-4) + 14?
10
Suppose -7*z - 540 = -16*z. Calculate the remainder when z is divided by 15.
0
Suppose -12*y + 1 = -35. What is the remainder when 3/y*(-61)/(-3)*3 is divided by 17?
10
Calculate the remainder when 130*(-4)/56*-7 is divided by 22.
21
Let o be (76/(-10))/((-5)/200). Suppose 4*f = 12 + o. Suppose 5*y + 2*j - 103 = 5*j, 81 = 4*y - j. What is the remainder when f is divided by y?
19
Suppose 0 = 4*n - 28 + 72. Let j = 26 + n. What is the remainder when j is divided by (-1 + 0)*-4 - -2?
3
Let m = 9 - 9. Suppose m = -4*d + 1132 + 212. What is the remainder when 6/39 - d/(-13) is divided by 10?
6
Let r = 875 + -793. What is the remainder when 735 is divided by r?
79
What is the remainder when (0 - -5)/(1/26) is divided by 68?
62
Suppose 0 = -5*z + z + 40. Let t(l) = -z*l - 4*l + 32*l - 6*l. What is the remainder when 95 is divided by t(2)?
23
Suppose 0 = -5*k + 54 + 26. Let f = 26 - k. What is the remainder when f is divided by 2/(-1 - (-8)/6)?
4
Let l(p) = 6*p - 2 - 3*p + 0*p. Calculate the remainder when l(8) is divided by 6.
4
Let j(r) be the first derivative of -r**3/3 + 6*r**2 + 8*r + 6. What is the remainder when j(9) is divided by 1/2 - 37/(-2)?
16
Let x = -7 - -20. Let k(p) = p - 11. Let g be k(13). Suppose g*y = -5*a + 34, -1 + 3 = 2*y - 3*a. What is the remainder when x is divided by y?
6
Let p(k) = k**3 - 9*k**2 + 3*k - 98. Let i = 0 - 1. What is the remainder when -9*i/(3/31) is divided by p(10)?
29
Let t(p) = 6*p + 40. Let d = -7 - -15. What is the remainder when t(-3) is divided by d?
6
Let v(f) = 2*f**3 - 10*f**2 + 14*f - 51. Calculate the remainder when 74 is divided by v(5).
17
Let d(x) = -3*x**3 + 3*x + 1. Suppose -6*j = -4*j - 2. Let y(v) = 9*v**2 + 1. What is the remainder when d(-2) is divided by y(j)?
9
Suppose 0 = 3*k - k - 2. Suppose 132 = 2*b + 9*b. What is the remainder when 26 + -3*1/k is divided by b?
11
Suppose 2*n = y + 37, -191*y + 188*y + 69 = 4*n. Calculate the remainder when 161 is divided by n.
17
Let k(f) = 81*f + 2. Let r be k(2). Suppose -p - 2*j - 105 = 0, 0*p + 2*j = 2*p + 198. Let t = r + p. Calculate the remainder when t is divided by 16.
15
Let k(l) = -26*l**2 - l + 1. Let v be k(1). Let i = 34 + v. What is the remainder when 13 is divided by i?
5
Suppose 0 = o - 2*f - 35, -6 = -5*f - 21. Calculate the remainder when 113 is divided by o.
26
Let w be ((-18)/(-8))/(105/(-40) - -3). Suppose 27 = 2*t - 3*i, w*t = 2*t - i + 19. Calculate the remainder when 34 is divided by t.
4
Suppose -20 = 16*i - 6*i. Calculate the remainder when (((-2)/1)/(-6))/(i/(-114)) is divided by 4.
3
Let s = -69 - -45. Let o = s - -35. Suppose 0 = -2*b - b + 3*y + 12, -4*y = -5*b + 23. Calculate the remainder when o is divided by b.
4
Let i(d) = 25 - 2*d + 4*d - 2*d + d. Calculate the remainder when i(-8) is divided by 4.
1
Suppose 108 = 7*k + 2*k. What is the remainder when k is divided by 3?
0
Let i(j) = 6*j**2 - 7*j - 5. What is the remainder when 70 is divided by i(2)?
0
Let q = -33 + 86. Suppose 0 = 4*t + 5 - 61. What is the remainder when q is divided by t?
11
Suppose -7*r + 9 = -12. Suppose -6 - 39 = -r*h. Calculate the remainder when 29 is divided by h.
14
Suppose -3*r = -2*d - 671, -2*r + 253 = -3*d - 186. Calculate the remainder when r is divided by 114.
113
Let g(s) = 3*s - 7*s + 3*s + 6*s + 3. Suppose 2*d = -9*d + 726. What is the remainder when d is divided by g(3)?
12
Let y(i) = -i**2 + 6*i - 9. Let v be y(4). Calculate the remainder when (1 - v)*(-212)/(-8) is divided by 18.
17
Let m(k) = -2 - k + 6 + 2*k + 6. Calculate the remainder when 15 is divided by m(-4).
3
Let m = -46 - -49. Suppose -m*h + 32 = h. What is the remainder when h is divided by 3?
2
Suppose 5*d - 43 = -8. Suppose d*n - 10*n + 144 = 0. Calculate the remainder when n is divided by 10.
8
Let u be 15/(-5) - 1 - 4. What is the remainder when 29 is divided by 2/u + 25/4?
5
Suppose -50 = 2*x - 3*s - 126, 2*s = 5*x - 190. Calculate the remainder when 492 is divided by x.
36
Suppose 48*z + 4*z - 4472 = 0. Calculate the remainder when z is divided by 24.
14
Suppose -5*s = -s + 4*c - 20, 0 = 2*s - c - 16. Calculate the remainder when 20 is divided by s.
6
Let n(t) = 3*t**2 - 56*t + 108. What is the remainder when 164 is divided by n(2)?
4
Let k = 582 + -513. What is the remainder when k is divided by 23?
0
Suppose -230 - 50 = -4*r. Let p(k) = -22*k - 29. What is the remainder when r is divided by p(-3)?
33
Suppose p - 3 = 21. What is the remainder when (15 + -157)*(-6)/12 is divided by p?
23
Let r be (5/(-15))/(2/114). Let g be -2*((-195)/(-2))/(-5). Let p = g + r. Calculate the remainder when 58 is divided by p.
18
Suppose -3*x + 57 = -5*v, -3 = -2*v - 4*x - 31. Let p(i) = -i**2 - 15*i. Let h = -4 + 14. What is the remainder when p(v) is divided by h?
6
Suppose -4*f + 5*c = -43, f + 25 = 5*c + 17. Calculate the remainder when f is divided by 5.
2
Let z be (-7 - -28)/((-3)/(-2)). Let q = 20 - z. Suppose q*j = 2*j + 156. Calculate the remainder when j is divided by 14.
11
Calculate the remainder when 184 is divided by (9 - (-7)/(-1))*33.
52
Suppose 0 = t + t + 4*m - 6, -5*m = 0. Calculate the remainder when t is divided by (10 + (-171)/18)/((-2)/(-8)).
1
Let g(t) = -t**3 + 2*t**2 + 2. Calculate the remainder when (-15)/270*-150 + 2/3 is divided by g(2).
1
Let k = -175 - -237. Calculate the remainder when k is divided by 55.
7
What is the remainder when (-519)/(-8) - 2 - 4/(-32) is divided by 13?
11
Suppose 0 = 13*j - 2*j - 253. Suppose -4 = 4*r + 3*b, -2*r + 4*b + j = 3. What is the remainder when r is divided by 2?
0
Let t = -82 - -444. Calculate the remainder when t is divided by 8.
2
Let b(g) be the second derivative of -g**5/20 + 7*g**4/12 - g**3/2 + 3*g**2 - 5*g. Calculate the remainder when b(6) is divided by 9.
6
Suppose -5 - 4 = 3*h, 0 = 2*r - 3*h - 9. Suppose -3*d - 23 = -2*k, r = -5*k + 4*d + d + 60. What is the remainder when 49 is divided by k?
10
Suppose 0 = -2*x + 8, 0*l + l = -5*x + 105. Suppose 0*p - 3*r + 17 = p, 0 = 5*p - 5*r - l. What is the remainder when 60 is divided by p?
9
Let m = -345 + 520. Calculate the remainder when m is divided by 92.
83
Suppose 3*i = 119 - 8. Suppose -w - 1 = x - 50, -5*w - i = -x. Suppose c = 2*r + 2*r - x, -c + 1 = 0. What is the remainder when 21 is divided by r?
9
Suppose -4*s + 52 = 9*s. Suppose -2*r = -3*r - 1. Let m = 4 + r. What is the remainder when s is divided by m?
1
Let s = 10 - 8. Suppose 7*d - 2*d - 60 = n, -2*n + 24 = s*d. Calculate the remainder when 46 is divided by d.
10
Let f = 36 - -48. Suppose 0 = -2*y + 5*c + 95 - 37, -50 = -2*y + 3*c. Suppose s - 2*x - 14 = 0, -s = x - 7 - y. Calculate the remainder when f is divided by s.
18
Suppose -3*y = 5*b + 32, 3*b = -y + 4*b - 16. Let r = y + 58. What is the remainder when r is divided by 12?
8
Let c = 289 - 276. What is the remainder when 335 is divided by c?
10
Let p(s) = 4*s**2 + 7*s - 8. Let l be p(-7). Suppose -r - 19 = 5*w - l, 4*r = -w + 43. What is the remainder when w is divided by 6?
5
Let x = 1068 - 1015. What is the remainder when 151 is divided by x?
45
Let k be 5 + (-4 - (-1 + 0)). Suppose -r + 4*g + 14 = 0, -k*r + g + 54 - 5 = 0. Calculate the remainder when r is divided by 14.
12
Suppose -16*b = -1 - 271. What is the remainder when b is divided by 5?
2
What is the remainder when 29 is divided by (-4 + -2)*((-3)/(-6) - 2)?
2
Let s(b) = -b**3 + 7*b**2 - 6*b + 1. Let m be 2/((-3)/(-12)*2). What is the remainder when -582*2/(-12) + 0 + 0 is divided by s(m)?
22
Let p(f) = -f**2 + 6*f. Let q be p(6). Suppose q*b - 2*b = -46. Let a(k) = k**2 - 3*k + 5. Calculate the remainder when b is divided by a(4).
5
Suppose -4*m + 7*m - 195 = 0. Suppose -2*n + 34 = -0*n. Calculate the remainder when m is divided by n.
14
Let z be 34 - (-1)/3*-12. Let y = z + -21. Calculate the remainder when 14 is divided by y.
5
Suppose 29*h - 396 - 10 = 0. Calculate the remainder when 78 is divided by h.
8
Let a(d) = -d**3 - 4*d**2 - 8*d - 9. Calculate the remainder when 123 is divided by a(-3).
3
Suppose -12*j + 26 = -238. Calculate the remainder when 33 i